o(13).
11
Let t = -49 - -65. Let s(x) = -x**3 + 5*x. What is the remainder when s(-4) is divided by t?
12
Suppose -5*r + 0*r + 20 = 0. Suppose r*s - 145 = -s. Let q = -1620 - -1628. What is the remainder when s is divided by q?
5
Let b(r) = r**2 - 1. Let q be b(-2). Calculate the remainder when (q/6 + 0)*114 is divided by 20.
17
Suppose -i = 4*a - 0*i + 5, 15 = 2*a - 3*i. Suppose 5*l - 4*v - 819 = 0, 4*l - v - 664 = -a*l. Calculate the remainder when l is divided by 12.
11
Suppose -3*z = -3*q + 51, -3*q + 2*z = -3*z - 45. Calculate the remainder when 216 is divided by q.
16
Let d = -803 - -821. What is the remainder when 84 is divided by d?
12
Suppose 2*a + 0*k - 4*k - 168 = 0, 3*k = 4*a - 331. Let s = 54 + -56. Calculate the remainder when a is divided by s/5 + 749/35.
19
Suppose 56 = 5*x + u, -17 = -2*x + 5*u - 0*u. Let l(p) = -14*p - 43. Calculate the remainder when l(-6) is divided by x.
8
Let p(o) = 7*o**2 + 20*o + 15. Calculate the remainder when 562 is divided by p(-4).
45
Let a(q) = q**3 - 15*q**2 + 20*q + 16. What is the remainder when a(14) is divided by 34?
32
What is the remainder when 60 is divided by 88/6*-7*42/(-196)?
16
Let b(q) = -10*q + 1. Let u be b(-1). Suppose -15*h = -16*h + u. What is the remainder when h is divided by 3?
2
Let i(s) be the second derivative of -s**4/12 - s**3 - 3*s**2 + s. Let v be i(-4). Suppose -13 = -5*u + v. What is the remainder when u is divided by 2?
1
Let w = -7 + 4. Let m(v) be the first derivative of -3*v**4/4 - v**3/3 + 2*v**2 + 2*v + 12. Calculate the remainder when m(w) is divided by 21.
20
Suppose 11 = q - 124. Suppose 10*i = 13*i - q. What is the remainder when 87 is divided by i?
42
Let p(x) = -24*x - 40. What is the remainder when p(-3) is divided by 8?
0
Let a = -165 - -186. What is the remainder when 82 is divided by a?
19
Let s = -2511 - -2704. Calculate the remainder when s is divided by 42.
25
Suppose -10*d - 13*d = -d - 66. Let b(s) = -s**3 + 3*s**2 + s. What is the remainder when b(3) is divided by d?
0
Calculate the remainder when (9 + -3)/(6/173) is divided by 6.
5
Suppose 3*d - 21 - 45 = 0. Suppose 6 = 4*h + d. Let i(g) = -2*g**3 - 3*g**2 + 5*g - 1. What is the remainder when i(h) is divided by 15?
14
Suppose 12 = -4*d + d, -5*n = 3*d - 3. Suppose -n*o + 58 + 17 = 0. Calculate the remainder when 48 is divided by o.
23
Suppose g - 2*d + 146 = 368, -d = 2*g - 434. Calculate the remainder when g is divided by 56.
50
Let c(t) = 53*t - 27. What is the remainder when 235 is divided by c(2)?
77
What is the remainder when 1 - -1098 - (11 + -17) is divided by 41?
39
Let y(s) = -2*s**3 - 19*s**2 - 12*s + 4. Calculate the remainder when 354 is divided by y(-9).
13
Suppose 20 = 4*n - 3*s - 63, -3*n = -5*s - 76. Let b = -194 + 258. Calculate the remainder when b is divided by n.
13
Suppose -56*a = -2*k - 51*a + 250, 0 = 2*k + 2*a - 222. Let x = 63 - 24. Calculate the remainder when k is divided by x.
37
Let n = 354 - 338. What is the remainder when 79 is divided by n?
15
Suppose -2*i - r = -0*r - 113, -5*i = r - 287. Let d = i - 16. Suppose 52 = 3*w + o, 0*w + 3*o + d = 2*w. What is the remainder when w is divided by 5?
3
Suppose 0 = -5*u - u - 138. Let i = u - -32. What is the remainder when 15 is divided by i?
6
Let a(x) = 21*x + 19. Let p be a(7). Suppose 4*v + 5*j - p = 0, 0*j - 8 = 4*j. Calculate the remainder when 173 is divided by v.
41
Suppose -37 = -4*q + 3*f - 2*f, -4*q + 47 = -3*f. Let n = 74 - 52. Calculate the remainder when n is divided by q.
6
Let v(x) = 57*x - 374. Calculate the remainder when v(12) is divided by 6.
4
Suppose -1 = -6*j + 23. Suppose 4*s - 45 = -0*s - 5*f, -20 = -j*f. What is the remainder when 28 is divided by s?
3
Let i(h) = -32*h - 52. What is the remainder when i(-7) is divided by 29?
27
Let l(m) = 31*m**2 - 12*m - 22. What is the remainder when l(-2) is divided by 2*-2*(-9 + 1)?
30
Suppose -5*k = -2*o + 41, 3*o - 2*k - 3 = 86. Let a be 4/(-14) + 4/14. Suppose c = p - 10, 5*p + a*c - 40 = -5*c. What is the remainder when o is divided by p?
6
Let h(r) be the first derivative of 3*r**4/4 - r - 3. Let o be h(1). Suppose 2*c = -o*c + 72. Calculate the remainder when c is divided by 10.
8
Suppose -s - 4*s = 2*v - 745, 2*v - 2*s - 780 = 0. What is the remainder when v is divided by 9?
7
Let o = 874 + -831. Calculate the remainder when 208 is divided by o.
36
Let d = -1292 + 1311. Suppose a = -2*a + 36. Calculate the remainder when d is divided by a.
7
Let h(g) = g**2 + 64*g - 25. What is the remainder when h(10) is divided by 45?
40
Suppose 6*a + 41 - 113 = 0. Suppose -4*m = 3*i - 131 - a, i + 117 = 3*m. Calculate the remainder when m is divided by 20.
18
Let u(c) = 4*c + 12. Let w be 20/(1 + (-1)/1 - -1). What is the remainder when u(w) is divided by 31?
30
Let i = 71 - 62. What is the remainder when 50 is divided by i?
5
Let s be (-5)/(-3*1/9). Suppose -3*u - 3*k = -30, -k + 0 = 2*u - s. What is the remainder when 16 is divided by u?
1
Let y(w) = -w + 9. Let r be y(5). Calculate the remainder when (1 - r)/((-3)/46) is divided by 16.
14
Suppose 5*j = d + 1287, -3*d + 652 - 1933 = -5*j. What is the remainder when j is divided by 86?
0
Let f be (0 - (-82)/7) + (-4)/(-14). What is the remainder when ((-40)/f)/(2/(-78)) is divided by 33?
31
Calculate the remainder when 579 is divided by 3*121/5 - 4/(-10).
68
Let l be 5 - 7 - 23*2. Let a be (-212)/3*(-18)/12. Let q = a + l. Calculate the remainder when q is divided by 15.
13
What is the remainder when 197 is divided by (-23870)/(-350) + (-4)/(-5)?
59
Let r = 8 - -22. Let m = 1263 + -1087. What is the remainder when m is divided by r?
26
Suppose 0 = m - 5*b - 13, 2*b + 3*b = -2*m - 19. What is the remainder when m/((-12)/347) + (-1)/(-6) is divided by 15?
13
Let q be 342/4 - (-2)/4. Suppose 26 = -5*w + q. Let l(r) = r**3 - 8*r**2 - 21*r + 155. Calculate the remainder when l(9) is divided by w.
11
Let l = -81 + 133. Calculate the remainder when l is divided by 64/6 - 2/(-6).
8
Let w = 269 + -83. Suppose 6*l - 12 = w. Calculate the remainder when l is divided by 7.
5
Suppose 0 = 5*j - 57 + 17. Let b = -410 - -431. Calculate the remainder when b is divided by j.
5
Suppose 2*u + v = 9, -u - 24 = -5*v - 23. Calculate the remainder when u is divided by 3.
1
Suppose 231*r - 1119 - 3414 + 1299 = 0. Suppose 0 = -q + 5*k - 6, 0*q + 4*q + 3*k = -47. Let y = 52 + q. What is the remainder when y is divided by r?
13
Let p(x) = 3*x**2 - 5*x - 10. Let v be p(5). Let n = 72 - v. Suppose a + 4*q - 13 = -5, -4*a = 5*q - n. What is the remainder when 20 is divided by a?
4
Let l(p) = -2*p - 2. Let m be l(-1). Suppose m*k + 52 = -k. What is the remainder when (k - -4)/(3/(-4)) is divided by 13?
12
Let o(v) = -4*v**2 + 3*v - 1. Suppose -3*m + 12 = m. Let s be o(m). What is the remainder when 16 is divided by (-8)/s + 183/21?
7
Let u = -642 - -700. What is the remainder when u is divided by 53?
5
Let k(h) = -h**2 + 10*h + 4. Let q be k(9). Let a be (-63)/14*4/3. Let d = a + q. What is the remainder when 25 is divided by d?
4
Let i(c) = 2 + 19*c**3 + 5*c**3 + c**2 - 2*c + 14*c**3 + 8*c**3. Suppose 18 + 14 = 2*x. Calculate the remainder when i(1) is divided by x.
15
Suppose s = 2*f + 80, -130*f = 3*s - 126*f - 190. What is the remainder when s is divided by 12?
10
Let o be -5 + 3 + -2 + 26. Let g = -1 + o. Calculate the remainder when g is divided by 11.
10
Let h(d) = -40*d + 54. What is the remainder when h(-2) is divided by 34?
32
Suppose -23*u + 9*u + 952 = 0. What is the remainder when 1087 is divided by u?
67
Suppose -116*c = -119*c + 66. Suppose -w + 2*w = 10. Let b = w - 2. What is the remainder when c is divided by b?
6
Let k be 0/(4/6*-3). Suppose k = 5*c - 8*c + 51. What is the remainder when 32 is divided by c?
15
Suppose -v - 4*j = -16, -j + 2 = -0*j. Let a(r) = 5*r + 2 + 0 - v*r. What is the remainder when 15 is divided by a(-2)?
7
Let j = -966 - -1799. Calculate the remainder when j is divided by 11.
8
Let a = 28 + -9. Calculate the remainder when 9/(81/(-12))*-87 - 5 is divided by a.
16
Suppose -33*d + 90 = -31*d. Suppose -194 = -2*h + 72. What is the remainder when h is divided by d?
43
Let t = -11 + 15. Calculate the remainder when 6/t*266/3 is divided by 27.
25
Suppose 0 = -5*q - 2*o + 6, -5*q - 6*o + o = -15. What is 